 -f**3 + 8*f**2 - 7*f - 5. Let z be b(6). What is the tens digit of 340/z*10/4?
3
Let p = 17 - -13. Let s = 24 + p. What is the units digit of 2/8 + s/8?
7
Suppose 28 = 7*c - 91. What is the tens digit of c?
1
Let n = -194 + 560. What is the units digit of n?
6
Suppose 4*r - 3*f = -14, -3*r + 0*f + 4 = 5*f. Let k = r + 9. What is the units digit of k?
7
Let q be (-1)/(((-3)/27)/1). Let s(t) = t - 2. Let h be s(5). Suppose -4*w + h*w = -q. What is the units digit of w?
9
Let j = 2 + -6. Let h be (3 + j)/(0 - -1). What is the tens digit of h + 3 + -1 + 10?
1
Let v(a) = -a**3 - 5*a**2 - a + 1. Let t be v(-6). Suppose 29 = -4*d - t. Let x = -10 - d. What is the units digit of x?
8
Suppose c + 5*s = 10, s = 4*c - 0 + 2. Suppose c = 3*n + 7 - 22. Suppose f + 86 = 6*b - b, -3*f + 82 = n*b. What is the units digit of b?
7
Let h(i) = 15*i - 2. Let v be h(7). Suppose 0 = -7*o + 4*o + r + 109, -3*o = -4*r - v. What is the tens digit of o?
3
Let r = 6 - 2. Suppose -4*l = 12, 4*h - 40 - 60 = r*l. Suppose 5*v - 8 = h. What is the units digit of v?
6
Let b = 392 - 279. What is the tens digit of b?
1
Suppose 0 = 3*r - r - 10. Suppose 5*l - r*h = 250, -3*l = -0*l + 5*h - 110. What is the units digit of l?
5
Let t(h) = h. Let b be t(2). Let r be (1/b)/((-2)/(-48)). Suppose -4*w = f - 2*f + r, 5*f = -w + 39. What is the units digit of f?
8
Let m(h) = 17*h**2 + h. Let d be m(-1). Suppose -d - 28 = -2*o. What is the units digit of o?
2
Suppose 0*r + 20 = 5*r. What is the units digit of r?
4
Let k(q) = 1 - q + 0*q + 2*q. Let n be k(-3). What is the units digit of -5 + 8 + n/2?
2
Let d(h) = 20*h - 5. Let x(j) = -19*j + 6. Let b(t) = -3*d(t) - 2*x(t). What is the units digit of b(-1)?
5
What is the units digit of ((-2)/2)/(8/(-216))?
7
Suppose -8*t + 6*t + 160 = 0. Suppose -5*z = -z - t. What is the units digit of z?
0
Let x(f) = -f - 2. Let u be x(-6). Let l(z) = z**2 + z. Let h be l(-2). Suppose -u = -w - h. What is the units digit of w?
2
What is the units digit of (82/(-6))/(-1 + (-8)/(-9))?
3
Let h = 10 - -8. Suppose -2*s + h = -4. What is the tens digit of s?
1
Let j be (-3 - 7/(-2))*14. Let v = 2 + j. What is the units digit of v?
9
Let t be 29 - 2 - (3 - 1). Suppose 3*j + j - 29 = -3*o, -2*j - 5*o = -t. What is the units digit of j?
5
Let o(b) = b**2 - b + 8. What is the tens digit of o(6)?
3
Let r = 5 + -4. Let d(j) = j**3 + 1. Let q be d(r). What is the tens digit of ((-6)/(-9))/(q/45)?
1
Let l(q) = -2*q. Let a be l(1). What is the units digit of (a + 0)*21/(-6)?
7
Suppose -l + 56 = h + 4*h, 5*l = 4*h + 135. What is the units digit of l?
1
What is the tens digit of (-6)/(-2) + 90 + -1 + -1?
9
Let m(x) = 2*x + 6. Let w be m(-8). What is the tens digit of (-494)/w - 14/35?
4
Let c(d) = -d**3 + 15*d**2 - 11*d - 19. Let h be c(14). Suppose -28*a + 120 = -h*a. What is the units digit of a?
4
Let f(y) = y**3 + 6*y**2 - 2*y + 2. Let l be f(-6). Let a = l - 20. What is the units digit of (-2)/a*6/2?
1
Let p(j) = 3*j. Let d(x) = x. Let w(o) = 5*d(o) - 2*p(o). What is the units digit of w(-4)?
4
Let v = 7 + 8. What is the units digit of (v/6)/(4/8)?
5
Suppose 3*x - 34 = -h, 3*h - 90 = -3*x - 2*x. What is the tens digit of h?
2
Let b be 1/((-105)/(-51) + -2). Let z = b - 12. Suppose 0 = -z*l - t + 5*t + 3, 4*l = -2*t + 18. What is the units digit of l?
3
Suppose -64 - 6 = -5*g. What is the tens digit of g?
1
Let k(u) = u**3 + 4*u**2 + 3*u + 1. What is the units digit of k(-3)?
1
Let y(m) = -m**3 + 5*m**2 - 3*m - 1. Suppose 2*k + 2*k = 0. Suppose o = -k + 3. What is the units digit of y(o)?
8
Let m(t) = t**2. Let c(d) = 4*d + 1. Let s(h) = -c(h) + m(h). What is the units digit of s(-4)?
1
What is the units digit of 36/84 - 235/(-7)?
4
Suppose i + 81 = 2*u - 4*i, 0 = 2*u - i - 69. What is the units digit of -1*6*u/(-22)?
9
Let f = -147 - -382. Suppose -2*i + f = 3*i. What is the units digit of i?
7
Let l = 57 - -55. What is the hundreds digit of l?
1
Let c(m) = m**2 - 12*m + 13. Let b = 23 - 14. Let q be c(b). What is the units digit of 46/14 + 4/q?
3
Suppose -4*f + 3*h = -54 - 71, 4*h = 2*f - 50. Let z = f - 13. What is the units digit of z?
2
Let i = 172 - 49. What is the hundreds digit of i?
1
Let g(l) = 6*l - 8. Let q be g(8). Suppose -o = 3*w - 3*o - q, -3*w - 2*o + 20 = 0. Suppose 0 = 7*c - 2*c - w. What is the units digit of c?
2
Let n = 873 - 595. What is the tens digit of n?
7
Suppose -6*p - 46 - 98 = 0. What is the units digit of (-12)/(-2)*p/(-16)?
9
Suppose 4*q + 338 = 6*q - 4*t, 3*q - 4*t = 511. What is the tens digit of q?
7
Suppose -20*h = -16*h + 24. Let s(q) = q + 14. What is the units digit of s(h)?
8
Suppose 46 = -3*q + 178. What is the units digit of q?
4
Suppose 5*j = -0*p + p + 65, -26 = -2*j - p. Let q = 34 - j. What is the tens digit of q?
2
Let l(u) = -u**2 + 10*u - 9. Let o be l(6). Let r = 8 + o. What is the units digit of r?
3
Suppose -225 - 195 = -5*q. What is the tens digit of q?
8
Suppose 12*g + 51 = 15*g. What is the tens digit of g?
1
Let i be (-3)/(-5) - 24/15. Let f(n) = -n**2 - n - 2. Let q(u) = 1. Let a(k) = i*f(k) - 5*q(k). What is the units digit of a(-4)?
9
Suppose 2*a + 5 = 47. What is the units digit of a?
1
Suppose -34 = -k - 2*v, 0 = 2*k - 4*k - 5*v + 66. What is the tens digit of k?
3
Let v = -82 - -123. What is the units digit of v?
1
Let s(d) = d**3 - 5*d**2 - 7*d + 9. Let p be s(6). Let u = 10 - 5. Suppose p*f = u + 7. What is the units digit of f?
4
Suppose t + 0*t - 3*w - 3 = 0, -5*w = -t + 1. Let y be (8/t)/((-10)/(-15)). Suppose 5*m - 3*k - 44 = -2*k, y*k = -m. What is the units digit of m?
8
Suppose -y - 4*i - 16 + 1 = 0, 5*i + 30 = -5*y. Let z = 12 - y. What is the tens digit of z?
1
Suppose 130 = 5*p - 15. What is the tens digit of p?
2
Let z be (3 + 2)*(4 + -3). Let n(i) = -5*i**2 + 5*i**3 - 4*i**3 + 3*i - 2*i. What is the units digit of n(z)?
5
Suppose t = -0*t + 2*d + 32, d = t - 27. What is the tens digit of t?
2
Let u = 8 + -6. Let o(g) = 8*g. What is the units digit of o(u)?
6
Suppose -10 = -3*m + 29. Suppose g = n - 6 - 2, 2*n + g - m = 0. Suppose -b + 2 = -n. What is the units digit of b?
9
Suppose 77 = 2*a + d - 47, 4*a = -5*d + 236. What is the units digit of a?
4
Let b = 11 - 11. Suppose 5*y - 2*p + 4 - 53 = b, -4*p = 3*y - 45. What is the units digit of y?
1
Let b(p) = p. Let t be b(-2). Let v = t + 3. What is the units digit of 1*(1 - v) + 6?
6
Let r = 17 - 14. What is the tens digit of 4/r*6 - -2?
1
Let d be (2 + -1 - 41)/(-1). Let n = -24 + d. What is the tens digit of n?
1
Let s(y) = 9*y - 8. Let o be s(-6). Let g = o + 89. Let f = g - 19. What is the units digit of f?
8
Suppose -2*y + 4*y - 14 = 0. Let a = y - -6. Let w = 20 - a. What is the units digit of w?
7
Let v = 9 - 8. What is the units digit of v - -1 - 10*-4?
2
Let h = -21 + 12. Let o = 15 + h. What is the units digit of o?
6
Let y be ((-3)/(-6))/(3/18). Let c(t) = 2*t**2 - t - 1. What is the tens digit of c(y)?
1
Let v(q) = -q + 15. Let b be v(11). Suppose 4*p - 242 = -b*g - 38, -5*p = -4*g - 210. What is the units digit of p?
6
Let h(q) = 0 + 2 + 6 - q**2 - 10*q. Let s = -31 + 21. What is the units digit of h(s)?
8
Let l(b) = -b**2 + 5*b - 2. What is the units digit of l(4)?
2
Let q(a) = 5*a - 8. What is the tens digit of q(6)?
2
Let z = -19 + 13. What is the units digit of ((-51)/z)/(3/6)?
7
Suppose 3 = -x, -4*n + 0*x + 2*x - 138 = 0. Suppose 4*m = m + 5*q - 60, m + 5*q = -40. Let k = m - n. What is the tens digit of k?
1
Let z = 23 + 1. Suppose 6*w - 30 = -5*m + w, 4*m - z = -3*w. What is the units digit of m?
6
Let v(z) = -5*z + 59. Let i(q) = -3*q + 30. Let a(p) = -7*i(p) + 4*v(p). What is the tens digit of a(0)?
2
Let j(u) = 4*u + 0*u - 6*u + 3 + 2*u**2. What is the tens digit of j(3)?
1
Let b be (-1 - 6/(-4))*6. Suppose -5*v + b*v = -4. Suppose -v - 10 = -3*h. What is the units digit of h?
4
Suppose 0*n - n = -185. What is the units digit of (-4)/3 - n/(-15)?
1
Suppose -3*m + 4*p = -85, -3 = -0*m - m - 5*p. Suppose l - m = -5*j, -2*j - l + 7 = -j. What is the units digit of j?
4
Suppose 9*b - 151 - 839 = 0. What is the units digit of b?
0
Suppose -l - 1022 = -5*k, 2 = 3*l - 7. What is the hundreds digit of k?
2
Let d = 12 + -4. Let q(x) = x**3 - 8*x**2 + 2*x - 12. What is the units digit of q(d)?
4
Let m(h) be the second deriva